on divisor of 90 and 198.
18
What is the highest common divisor of 180 and 75?
15
What is the greatest common factor of 4375 and 525?
175
What is the greatest common divisor of 96 and 1338?
6
Calculate the highest common factor of 27204 and 36.
12
What is the highest common divisor of 44 and 108?
4
Calculate the highest common divisor of 2241 and 581.
83
Calculate the greatest common divisor of 9 and 6849.
9
What is the highest common divisor of 4020 and 10?
10
What is the greatest common factor of 440 and 5240?
40
What is the greatest common divisor of 660 and 2090?
110
What is the highest common factor of 19045 and 65?
65
Calculate the greatest common divisor of 2197 and 1521.
169
What is the greatest common divisor of 112 and 1400?
56
Calculate the greatest common factor of 4065 and 90.
15
Calculate the highest common factor of 4 and 13.
1
Calculate the greatest common factor of 728 and 104.
104
What is the highest common factor of 129 and 3741?
129
What is the greatest common divisor of 16 and 52912?
16
What is the greatest common divisor of 72 and 27684?
36
Calculate the greatest common divisor of 232 and 8.
8
Calculate the greatest common divisor of 238 and 98.
14
Calculate the greatest common factor of 1 and 83.
1
Calculate the highest common factor of 98 and 588.
98
Calculate the greatest common divisor of 9 and 11.
1
Calculate the highest common factor of 1 and 31.
1
Calculate the highest common divisor of 99 and 22.
11
What is the highest common factor of 20 and 4?
4
What is the highest common factor of 216 and 50436?
108
Calculate the greatest common divisor of 1041 and 9.
3
What is the highest common factor of 108 and 32?
4
Calculate the greatest common factor of 1644 and 24.
12
Calculate the highest common factor of 4032 and 378.
126
What is the greatest common factor of 20 and 30?
10
What is the greatest common factor of 9 and 801?
9
What is the highest common divisor of 616 and 264?
88
Calculate the highest common divisor of 486 and 114.
6
Calculate the greatest common divisor of 9628 and 83.
83
Calculate the highest common divisor of 1342 and 770.
22
What is the greatest common factor of 6016 and 384?
128
Calculate the highest common divisor of 30 and 24105.
15
Calculate the greatest common factor of 384 and 48.
48
Calculate the highest common factor of 200 and 3475.
25
What is the highest common factor of 108 and 8?
4
What is the greatest common divisor of 204 and 1572?
12
What is the highest common factor of 30 and 18?
6
What is the highest common divisor of 2500 and 60?
20
Calculate the greatest common divisor of 64 and 544.
32
What is the highest common factor of 43 and 4429?
43
What is the highest common factor of 236 and 59?
59
Calculate the highest common factor of 54 and 3618.
54
What is the highest common factor of 575 and 50?
25
What is the greatest common divisor of 338 and 2405?
13
What is the greatest common factor of 58 and 18?
2
What is the highest common divisor of 55 and 253?
11
What is the highest common divisor of 341 and 517?
11
Calculate the highest common factor of 722 and 1330.
38
What is the highest common factor of 9 and 3897?
9
What is the greatest common divisor of 8954 and 148?
74
Calculate the greatest common divisor of 102 and 12.
6
Calculate the greatest common divisor of 184 and 24.
8
What is the greatest common divisor of 240 and 32?
16
Calculate the highest common divisor of 208 and 6682.
26
What is the highest common factor of 228 and 25878?
114
Calculate the highest common factor of 549 and 305.
61
What is the highest common divisor of 1204 and 5504?
172
What is the highest common factor of 11 and 517?
11
Calculate the highest common factor of 918 and 54.
54
Calculate the greatest common factor of 6000 and 120.
120
Calculate the greatest common divisor of 13 and 25831.
13
Calculate the highest common factor of 294 and 2499.
147
Calculate the highest common factor of 264 and 8.
8
Calculate the highest common factor of 16302 and 228.
114
What is the highest common factor of 3220 and 92?
92
Calculate the highest common factor of 84 and 300.
12
Calculate the greatest common factor of 11050 and 170.
170
What is the greatest common factor of 10 and 2945?
5
Calculate the greatest common divisor of 5920 and 15.
5
Calculate the greatest common divisor of 4237 and 114.
19
Calculate the greatest common factor of 171 and 38.
19
Calculate the greatest common divisor of 42 and 1338.
6
What is the highest common factor of 218 and 1635?
109
Calculate the highest common divisor of 25 and 38775.
25
Calculate the greatest common factor of 221 and 26.
13
What is the greatest common divisor of 548 and 4?
4
Calculate the highest common factor of 66351 and 51.
51
Calculate the greatest common factor of 90 and 810.
90
What is the highest common factor of 6 and 519?
3
Calculate the highest common factor of 259 and 407.
37
Calculate the highest common factor of 2 and 60.
2
Calculate the highest common factor of 611 and 104.
13
Calculate the greatest common divisor of 91724 and 92.
92
What is the highest common factor of 9200 and 80?
80
What is the highest common divisor of 1754 and 18?
2
What is the greatest common factor of 65 and 5?
5
What is the highest common divisor of 210 and 1302?
42
What is the greatest common divisor of 1617 and 77?
77
What is the greatest common factor of 656 and 82?
82
What is the greatest common divisor of 510 and 270?
30
Calculate the highest common factor of 56342 and 33.
11
What is the highest common factor of 2318 and 114?
38
What is the greatest common divisor of 88 and 40?
8
Calculate the highest common divisor of 243 and 3.
3
What is the highest common divisor of 119 and 7?
7
Calculate the highest common divisor of 749 and 7.
7
What is the highest common factor of 4 and 68?
4
What is the greatest common factor of 37 and 12247?
37
What is the highest common factor of 465 and 589?
31
Calculate the highest common factor of 66 and 23694.
66
What is the highest common factor of 221 and 169?
13
Calculate the greatest common divisor of 171 and 9.
9
What is the highest common factor of 81 and 83349?
81
Calculate the greatest common factor of 6 and 9726.
6
What is the greatest common divisor of 1197 and 441?
63
What is the greatest common divisor of 28 and 252?
28
Calculate the highest common divisor of 1328 and 5478.
166
What is the highest common factor of 89 and 8633?
89
Calculate the highest common divisor of 696 and 144.
24
What is the greatest common factor of 60 and 636?
12
Calculate the highest common factor of 210 and 350.
70
Calculate the greatest common divisor of 215 and 15.
5
What is the highest common factor of 8249 and 678?
113
Calculate the greatest common factor of 7661 and 47.
47
What is the greatest common factor of 6 and 534?
6
What is the highest common divisor of 1519 and 833?
49
What is the highest common divisor of 3430 and 630?
70
Calculate the greatest common factor of 5800 and 200.
200
Calculate the greatest common divisor of 238 and 1022.
14
What is the highest common factor of 286 and 22?
22
What is the greatest common divisor of 308 and 132?
44
What is the greatest common divisor of 52 and 1248?
52
What is the greatest common factor of 91 and 728?
91
What is the greatest common factor of 413 and 1121?
59
What is the greatest common factor of 16 and 240?
16
What is the highest common divisor of 16 and 504?
8
Calculate the highest common divisor of 170 and 50.
10
What is the greatest common divisor of 159 and 8904?
159
What is the greatest common divisor of 28 and 1603?
7
What is the highest common divisor of 23 and 3105?
23
Calculate the highest common divisor of 29563 and 34.
17
Calculate the greatest common factor of 10 and 128.
2
Calculate the greatest common divisor of 13208 and 520.
104
What is the greatest common divisor of 475 and 133?
19
Calculate the greatest common divisor of 105 and 21.
21
What is the greatest common divisor of 74285 and 179?
179
Calculate the greatest common factor of 55 and 275.
55
Calculate the highest common factor of 240 and 75.
15
What is the greatest common divisor of 279 and 372?
93
What is the highest common divisor of 53 and 119303?
53
What is the highest common factor of 174 and 48?
6
What is the greatest common divisor